v = -470 - o. Calculate m(v).
-8
Let g(d) = -d - 11. Suppose -v + 9 = u, -v - 32 = -4*v + 2*u. Suppose -k + 2 + v = 2*l, 6 = k - l. Let x be ((-6)/k)/((-150)/(-72) + -2). Calculate g(x).
-2
Let s(v) be the first derivative of v**4/4 + 11*v**3/3 - v**2 + 12*v - 17. Let w be 0 + -17 + (42 - 36). What is s(w)?
34
Let s(z) = 25*z - 21. Let y be s(1). Suppose 37*o - 35*o + 5*m = 31, 5*o = y*m - 5. Let v(u) = u + 2. Determine v(o).
5
Let f(v) = 4*v**2 + v + 7. Let k(a) be the second derivative of -7*a**4/12 + a**3/6 - 15*a**2/2 - 75*a. Let y(b) = -5*f(b) - 3*k(b). Give y(4).
-6
Let i(k) = -155*k**2 + 39*k - 9. Let v(o) = -79*o**2 + 22*o - 5. Let l(h) = -4*i(h) + 7*v(h). Determine l(1).
66
Let j(t) = -t**2 - 10*t. Let v(g) be the third derivative of 19*g**4/12 + 143*g**3/6 - 12*g**2 + 4*g. Let y be v(-4). Determine j(y).
9
Let b(w) = -6. Let i(u) = 2*u - 32. Let s(r) = -16*b(r) + 3*i(r). Calculate s(2).
12
Suppose -2*g - 4*t = -4*g - 20, 3*g = -2*t - 6. Let r(l) = l**2 + 6*l + 6. Calculate r(g).
-2
Let q be (64/80)/(-2 + (-76)/(-40)). Let s(f) be the first derivative of -f**2/2 - 11*f + 234. Give s(q).
-3
Let i(n) = n**3 - 31*n**2 - 27*n - 162. Let t be 256/(-10)*1900/(-1520). Give i(t).
-2
Let q(j) = -30*j - 197. Let w(n) = -28*n - 218. Let b(d) = 7*q(d) - 6*w(d). What is b(-2)?
13
Let t(u) = -u**3 + 9*u**2 + 23*u - 11. Suppose 52*y - 49*y = 3*w - 39, -4*w = 2*y - 40. Determine t(w).
0
Let d(s) = 49 + 44 + 34*s + 40*s - 96*s. What is d(4)?
5
Suppose -1901 + 1699 = -4*s - 3*j, -j + 100 = 2*s. Let b(x) = -x**2 + 50*x - 47. What is b(s)?
2
Let j(k) = 67*k + 3. Suppose 0 = -159*h - 172 - 146. Determine j(h).
-131
Let l(g) = -g**3 + 4*g**2 + 43*g - 7. Let k be l(-5). Let n(v) = -v**3 + v**2 + 8*v. What is n(k)?
6
Let h(r) be the second derivative of -13 + 1/2*r**2 + r**4 + 11/6*r**3 + 5*r + 1/20*r**5. Calculate h(-11).
1
Suppose -64 = -8*c - 8*c. Suppose -36 = -5*b + c*f, 2*b - 2*f = 2 + 12. Let w(k) = 2*k - 12. Calculate w(b).
4
Suppose 0 = -5*y - 30 + 10. Let l be 1/((20/(-25))/y). Suppose -m = -2*m - 2*k - 10, l*m + 38 = 2*k. Let h(x) = -x**3 - 9*x**2 - 7*x + 2. Calculate h(m).
-6
Let i(r) be the second derivative of -r**3/6 - 9*r**2/2 + 2501*r. Determine i(19).
-28
Let a be ((-24)/90)/((-2)/30). Let n(s) = -2*s**2 + 6*s + 4. What is n(a)?
-4
Let p(l) = l**2 + 4*l - 18. Let c be p(-6). Let y(n) = -5*n**2 + 6*n + 7. Let g(u) = 14*u**2 - 16*u - 20. Let z(w) = -4*g(w) - 11*y(w). Calculate z(c).
-21
Let b be (6/(-7))/((-7)/49). Let s(i) = b + 0*i - 5*i + 6*i. Let j be (1 + -2)/(15/105). Determine s(j).
-1
Let g(d) = -137*d**3 - 19*d**3 - 9 - 12*d**2 + 155*d**3 + 15*d. Calculate g(-13).
-35
Let r(z) = 51*z - 32*z + 7090 - 20*z**2 + z**3 - 7084. Determine r(19).
6
Let r(u) be the first derivative of -u**3/3 - 3*u**2/2 + 3*u + 1. Suppose 2*w = f - 5*f - 22, 5*f + 15 = 0. Determine r(w).
-7
Let d(u) be the first derivative of -2*u**3 + 5*u**2/2 - 28*u + 1826. Determine d(5).
-153
Suppose 6*q + q + 2160 = 52*q. Let x(f) = -f**3 + 47*f**2 + 49*f - 49. Calculate x(q).
-1
Let d(t) = -13*t**3 - t**2 - 2*t - 1. Suppose 3*w - 5*o + 36 - 120 = 0, 0 = -w + 5*o + 38. Let g(q) = 2*q. Let n be g(w). Let a = -47 + n. Determine d(a).
13
Let b(x) be the first derivative of x**2 - 21*x - 23220. Suppose -3*k = 2*k - 55. Calculate b(k).
1
Suppose 11*t + 3920 = 3854. Let v(o) = 11*o + 18. What is v(t)?
-48
Let x be (57/1)/(20 - 19). Let r be x/152 + (-134)/16. Let g(b) = -b**2 - 6*b + 8. Calculate g(r).
-8
Let s(g) = 7*g**3 + g**2 - 2*g. Let l be s(1). Let p(q) = l*q - 4*q + q**2 - 6*q - 3*q + 4. Calculate p(7).
4
Let n(m) = -6 - 117*m + 115*m + 2*m**2 + 3*m**2 + m**3. Let k be ((-280)/50)/((-2)/5). Suppose 0 = 7*v + 21 + k. Calculate n(v).
4
Suppose -58 = -4*l - 5*d, -3*l + 5*d = -0*l - 26. Suppose -c - l = -3*c. Let p(f) = -6*f + 6*f + c*f - 2*f - f**2. What is p(4)?
0
Let b(f) be the first derivative of 0*f**2 - 20/3*f**3 + 0*f - 1/120*f**5 - 1/2*f**4 - 1/360*f**6 + 40. Let j(i) be the third derivative of b(i). Give j(0).
-12
Let l(v) = v**2 + 6*v - 4. Let m = -75 + 81. Suppose 5*r - 44 = -m*r. Suppose q = r*q + 21. Determine l(q).
3
Let g(x) = 5*x. Let v(w) = -w**3 - 12*w**2 - 10*w + 8. Let b be v(-11). Let h(k) = 6*k - 1. Let n(l) = b*h(l) + 4*g(l). Give n(4).
11
Let k(y) be the first derivative of 9*y**2 + 882*y + 2906. Determine k(-49).
0
Let s(b) = 39*b - 3946. Let r be s(101). Let u(d) = -d**3 - 6*d**2 - 5*d + 15. What is u(r)?
99
Let t be (-2)/(-8) - 2/8. Let k(x) be the first derivative of -x**2/2 - 20*x - 369. What is k(t)?
-20
Suppose 62 = 2*c + 4*r, 9*c + 98 = 12*c + 5*r. Let s(t) = t**3 + 8*t**2 + 5*t - 2. Let f be s(-4). Let o = f - c. Let h(m) = 3*m**2. Calculate h(o).
3
Let c = 23 - 23. Suppose 2*j - 4*d - 18 = c, 0 = -j - 4*d + d - 11. Let a(k) = -5*k**2 + 9. Let y(t) = 7*t**2 - 7. Let h(v) = 4*a(v) + 5*y(v). Calculate h(j).
16
Let s(l) = 7*l**2 + 5*l - 8 + 4*l + 2*l**3 + 6*l - 5*l**3. Let u(o) = -2*o**3 + 6*o**2 + 13*o - 7. Let f(x) = 6*s(x) - 7*u(x). What is f(1)?
-4
Let y(l) = -232*l + 226*l - 38*l**3 + 6*l**2 - 7*l**2 - 7*l**2 - 5. Let i(b) = -78*b**3 - 17*b**2 - 13*b - 11. Let q(d) = 6*i(d) - 13*y(d). Calculate q(-1).
-25
Let x(d) be the first derivative of d**4/4 - 3*d**3 + 9*d**2/2 - 5*d + 1657. Suppose -4*v = -2*v - 16. What is x(v)?
3
Let y be ((-1)/6*3)/((-4)/(-8)). Let d(z) be the third derivative of 0*z**5 + 2*z**2 + 0 + 0*z + 1/12*z**4 + 17/120*z**6 + 1/6*z**3. Give d(y).
-18
Let r(i) = 480 + 2*i**3 - 6*i - 8*i**2 - 3*i**3 + 2*i**2 - 481. Suppose 3*b + 4*m = 4, -4*m + 8 = -5*b - 28. Calculate r(b).
-9
Let h(s) = -s + 1. Let l(v) = v**2 - 7*v + 3. Let u(z) = -2*h(z) + l(z). Let d = 14259 - 14255. Give u(d).
-3
Let u(m) be the second derivative of -m**4/8 + m**3/3 - 38*m**2 + 11*m. Let f(x) be the first derivative of u(x). Determine f(-2).
8
Let q(s) = 38*s - 27. Let y(w) = 42*w - 32. Let z(k) = 6*q(k) - 5*y(k). What is z(-2)?
-38
Let r(j) = 298*j**2 + 6*j + 7 - 99*j**2 - 101*j**2 - 99*j**2. Suppose 3*b + 80 = 8*b. Suppose 2*k + 6 = 2*q, b = 2*q + k + 2*k. What is r(q)?
12
Suppose -7*x - 18 = 4*l, -2*x + 62*l = 58*l + 36. Let z(k) = -29*k**2 - 173*k + 11. What is z(x)?
5
Let r(h) be the third derivative of 29*h**6/60 - h**4/6 - 2*h**3/3 + 5*h**2 + 596*h. Determine r(-1).
-58
Suppose 0 = 5*n + 25, -5*o - 10 = -6*o + 3*n. Let d(q) be the third derivative of q**4/6 + q**3/3 - 9*q**2 + 140. Calculate d(o).
-18
Let q(k) = 3*k**2 - 44*k - 110. Let o be q(17). Let a(g) = -9*g - 4. What is a(o)?
-85
Suppose -m + 5*w = -10, 28 = 5*m - 5*w + 2*w. Let t(g) = -5*g + 6. Let z(f) = 5*f - 7. Let p(l) = m*t(l) + 4*z(l). Calculate p(-2).
12
Suppose -2*z + 4*w - 168 = -6*z, -32 = -z + w. Suppose 0 = 2*u + z - 35. Let c(k) = 3*k. What is c(u)?
-3
Let x(j) be the third derivative of j**6/120 - j**5/60 + 13*j**3/6 - 54986*j**2. Suppose g = 5*g. Give x(g).
13
Suppose -6 = -2*l - l. Let p(n) = -1 + 5 - l + 2*n. Let x = 293 - 291. Determine p(x).
6
Suppose 18*x = -780 - 2946. Let f = x + 208. Let p(o) = 6*o**2 + o. Determine p(f).
7
Let s(u) = 4*u**2. Let o(q) = q**2. Let b(z) = -6*o(z) + 2*s(z). Let c(p) = 6*p**3 - 42*p**2 - 6*p + 40. Let t be c(7). Calculate b(t).
8
Let l(n) = 4*n**2 - 8*n. Let d(q) = 5*q**2 - 8*q + 1. Let w(m) = -3*d(m) + 4*l(m). Suppose -104*z = 108*z - 195*z - 136. What is w(z)?
-3
Let w(l) = -86*l**3 - 7*l**2 - 9*l + 36. Let c(p) = -29*p**3 - p**2 + 2*p + 1. Let r(n) = 3*c(n) - w(n). Determine r(4).
27
Let k(v) = -4629 - 4631 + 9187 - 3*v. Calculate k(-28).
11
Let u(r) be the second derivative of -r**3/6 + 7*r**2 + r + 852. Determine u(5).
9
Let q(r) = r + 142. Let v(z) = 2*z - 575. Let p(l) = -4*q(l) - v(l). What is p(5)?
-23
Let g = 36 + -32. Suppose g*l + 5*l = l. Let p(h) = -h - 5*h**2 + l + 3 - 2 + 4*h**2. Give p(0).
1
Let a be (-158)/32*-2 - (20 - (-25116)/(-1248)). Let m(z) = -10*z**2 - z**3 - 2*z**3 + z + 11 + 4*z**3. Give m(a).
21
Let z(t) = -9*t**3 + 35*t**2 - 17*t - 8. Let n(b) = 16*b**3 - 65*b**2 + 33*b + 17. Let v(o) = -4*n(o) - 7*z(o). What is v(14)?
2
Let c(q) = q**3 - 7*q**2 + 16*q + 6. Let p = 21060 + -21053. Give c(p).
118
Let b(v) = -5*v**3 - 26*v**2 + 71*v - 108. Let u(m) = -2*m**3 - 10*m**2 + 28*m - 43. Let i(h) = -5*b(h) + 13*u(h). Calculate i(4).
-47
Let r(u) = -33*u**3 - 62*u**2 + 57*u - 21. Let o(p) = 7*p**3 + 12*p**2 -